 1817.
23, 79
What are the prime factors of 476?
2, 7, 17
What are the prime factors of 55582?
2, 27791
What are the prime factors of 1490?
2, 5, 149
What are the prime factors of 14724?
2, 3, 409
List the prime factors of 58776.
2, 3, 31, 79
List the prime factors of 10597.
10597
List the prime factors of 56272.
2, 3517
List the prime factors of 4529.
7, 647
What are the prime factors of 202?
2, 101
List the prime factors of 852.
2, 3, 71
What are the prime factors of 29229?
3, 9743
List the prime factors of 3464.
2, 433
What are the prime factors of 91949?
11, 13, 643
List the prime factors of 6253.
13, 37
What are the prime factors of 68451?
3, 22817
What are the prime factors of 1511?
1511
What are the prime factors of 2693?
2693
List the prime factors of 3949.
11, 359
List the prime factors of 97.
97
What are the prime factors of 3550?
2, 5, 71
List the prime factors of 100154.
2, 50077
List the prime factors of 75076.
2, 137
What are the prime factors of 1017?
3, 113
What are the prime factors of 32963?
7, 17, 277
What are the prime factors of 162454?
2, 43, 1889
What are the prime factors of 5607?
3, 7, 89
What are the prime factors of 71768?
2, 8971
List the prime factors of 7771.
19, 409
List the prime factors of 621.
3, 23
List the prime factors of 257.
257
What are the prime factors of 1948?
2, 487
List the prime factors of 1602.
2, 3, 89
What are the prime factors of 4280?
2, 5, 107
List the prime factors of 62159.
61, 1019
List the prime factors of 12082.
2, 7, 863
List the prime factors of 879.
3, 293
What are the prime factors of 710?
2, 5, 71
What are the prime factors of 2251?
2251
What are the prime factors of 526?
2, 263
List the prime factors of 1478.
2, 739
What are the prime factors of 1203?
3, 401
What are the prime factors of 29764?
2, 7, 1063
List the prime factors of 276.
2, 3, 23
List the prime factors of 38281.
38281
What are the prime factors of 14300?
2, 5, 11, 13
What are the prime factors of 13537?
13537
List the prime factors of 388.
2, 97
List the prime factors of 1220.
2, 5, 61
What are the prime factors of 1727?
11, 157
List the prime factors of 2063.
2063
What are the prime factors of 28145?
5, 13, 433
List the prime factors of 84673.
84673
What are the prime factors of 16234?
2, 8117
List the prime factors of 3017.
7, 431
List the prime factors of 942.
2, 3, 157
What are the prime factors of 1510?
2, 5, 151
What are the prime factors of 21752?
2, 2719
What are the prime factors of 7313?
71, 103
What are the prime factors of 87572?
2, 21893
List the prime factors of 466.
2, 233
List the prime factors of 80987.
109, 743
What are the prime factors of 815?
5, 163
List the prime factors of 13217.
13217
What are the prime factors of 28973?
7, 4139
List the prime factors of 102463.
79, 1297
List the prime factors of 861.
3, 7, 41
List the prime factors of 10035.
3, 5, 223
What are the prime factors of 4111?
4111
What are the prime factors of 9352?
2, 7, 167
List the prime factors of 49514.
2, 19, 1303
What are the prime factors of 32672?
2, 1021
List the prime factors of 26747.
7, 3821
List the prime factors of 5984.
2, 11, 17
List the prime factors of 5162.
2, 29, 89
List the prime factors of 15438.
2, 3, 31, 83
What are the prime factors of 1987?
1987
List the prime factors of 3055.
5, 13, 47
List the prime factors of 1590.
2, 3, 5, 53
List the prime factors of 17229.
3, 5743
List the prime factors of 37345.
5, 7, 11, 97
What are the prime factors of 46413?
3, 191
List the prime factors of 2104.
2, 263
What are the prime factors of 2300?
2, 5, 23
What are the prime factors of 20145?
3, 5, 17, 79
List the prime factors of 135655.
5, 13, 2087
List the prime factors of 2026.
2, 1013
What are the prime factors of 87237?
3, 359
List the prime factors of 1194.
2, 3, 199
What are the prime factors of 2824?
2, 353
List the prime factors of 1628.
2, 11, 37
List the prime factors of 33105.
3, 5, 2207
List the prime factors of 4045.
5, 809
List the prime factors of 18286.
2, 41, 223
What are the prime factors of 2118?
2, 3, 353
List the prime factors of 1556.
2, 389
List the prime factors of 15827.
7, 17, 19
What are the prime factors of 404?
2, 101
List the prime factors of 702.
2, 3, 13
List the prime factors of 2257.
37, 61
List the prime factors of 20844.
2, 3, 193
List the prime factors of 28701.
3, 1063
List the prime factors of 45782.
2, 11, 2081
What are the prime factors of 17009?
73, 233
List the prime factors of 89326.
2, 59, 757
What are the prime factors of 4533?
3, 1511
List the prime factors of 4503.
3, 19, 79
What are the prime factors of 10680?
2, 3, 5, 89
What are the prime factors of 3613?
3613
What are the prime factors of 3371?
3371
List the prime factors of 420.
2, 3, 5, 7
What are the prime factors of 12598?
2, 6299
What are the prime factors of 27654?
2, 3, 11, 419
What are the prime factors of 94160?
2, 5, 11, 107
List the prime factors of 42754.
2, 21377
What are the prime factors of 1769?
29, 61
What are the prime factors of 4259?
4259
List the prime factors of 2153.
2153
What are the prime factors of 3259?
3259
List the prime factors of 721.
7, 103
List the prime factors of 27382.
2, 13691
List the prime factors of 122.
2, 61
What are the prime factors of 739?
739
What are the prime factors of 39839?
39839
List the prime factors of 12.
2, 3
What are the prime factors of 30270?
2, 3, 5, 1009
List the prime factors of 1805.
5, 19
List the prime factors of 2794.
2, 11, 127
List the prime factors of 85508.
2, 21377
What are the prime factors of 800?
2, 5
What are the prime factors of 19953?
3, 739
What are the prime factors of 10323?
3, 31, 37
What are the prime factors of 521?
521
List the prime factors of 992.
2, 31
What are the prime factors of 19542?
2, 3, 3257
List the prime factors of 2406.
2, 3, 401
List the prime factors of 176.
2, 11
List the prime factors of 21411.
3, 13, 61
What are the prime factors of 714?
2, 3, 7, 17
What are the prime factors of 138547?
138547
What are the prime factors of 1204?
2, 7, 43
List the prime factors of 116304.
2, 3, 2423
What are the prime factors of 1975?
5, 79
What are the prime factors of 11955?
3, 5, 797
List the prime factors of 1292.
2, 17, 19
What are the prime factors of 23487?
3, 7829
What are the prime factors of 337?
337
List the prime factors of 5260.
2, 5, 263
What are the prime factors of 1543?
1543
What are the prime factors of 1894?
2, 947
What are the prime factors of 8?
2
What are the prime factors of 3121?
3121
What are the prime factors of 68050?
2, 5, 1361
What are the prime factors of 1065?
3, 5, 71
List the prime factors of 65659.
11, 47, 127
List the prime factors of 64932.
2, 3, 7, 773
List the prime factors of 19531.
19531
List the prime factors of 4485.
3, 5, 13, 23
What are the prime factors of 722?
2, 19
What are the prime factors of 426?
2, 3, 71
List the prime factors of 501.
3, 167
What are the prime factors of 55300?
2, 5, 7, 79
List the prime factors of 1706.
2, 853
List the prime factors of 108336.
2, 3, 37, 61
What are the prime factors of 11573?
71, 163
What are the prime factors of 47971?
7, 11, 89
List the prime factors of 70310.
2, 5, 79, 89
List the prime factors of 525.
3, 5, 7
List the prime factors of 355.
5, 71
List the prime factors of 954.
2, 3, 53
What are the prime factors of 20961?
3, 17, 137
List the prime factors of 3623.
3623
List the prime factors of 28795.
5, 13, 443
List the prime factors of 4255.
5, 23, 37
List the prime factors of 19692.
2, 3, 547
What are the prime factors of 858?
2, 3, 11, 13
List the prime factors of 5300.
2, 5, 53
List the prime factors of 48884.
2, 11, 101
What are the prime factors of 54724?
2, 13681
What are the prime factors of 398?
2, 199
What are the prime factors of 3758?
2, 1879
What are the prime factors of 93653?
7, 17, 787
What are the prime factors of 993?
3, 331
List the prime factors of 45941.
7, 6563
What are the prime factors of 1052?
2, 263
List the prime factors of 496.
2, 31
List the prime factors of 80597.
11, 17, 431
What are the prime factors of 3720?
2, 3, 5, 31
List the prime factors of 1435.
5, 7, 41
List the prime factors of 891.
3, 11
List the prime factors of 48960.
2, 3, 5, 17
List the prime factors of 4536.
2, 3, 7
What are the prime factors of